{"id":6,"date":"2025-06-18T15:16:17","date_gmt":"2025-06-18T13:16:17","guid":{"rendered":"https:\/\/anna-korondi.de\/en\/?page_id=6"},"modified":"2025-07-09T16:30:44","modified_gmt":"2025-07-09T14:30:44","slug":"teaching-classes","status":"publish","type":"page","link":"https:\/\/anna-korondi.de\/en\/teaching-classes\/","title":{"rendered":"Teaching"},"content":{"rendered":"<p>My professional maxim is in the spirit of Walter Felsenstein. According to this, <em>\u2018&#8230;the performer should not only sing because he is endowed with a beautiful voice, but above all because he is urged to sing in a dramatic situation&#8230;\u2019<\/em><\/p>\n<h2>University<\/h2>\n<p>I took up a professorship for singing at the Hanns Eisler School of Music in Berlin in the winter semester of 2013. You can apply for lessons with me there.<br \/>\nThe application deadlines and modalities for the aptitude tests at the university can be found on the <a href=\"https:\/\/www.hfm-berlin.de\/en\/studies\/study-programmes\/voice\/\" target=\"_blank\" rel=\"noopener\">university&#8217;s website<\/a>.<\/p>\n<p><strong>Current courses and events can be found on the homepage.<\/strong><\/p>\n<h2>Study successes<\/h2>\n<p><strong>EXTRACTS<\/strong><\/p>\n<p><strong>Juliana Zara<br \/>\n<\/strong>MA graduate<br \/>\nFrom 2019 to 2021 member of the Opera Studio of the Bavarian State Opera<br \/>\nPermanent engagement in Darmstadt<br \/>\nNomination for the Faust Theatre Prize (title role A. Berg\/Lulu)<br \/>\nCarnegie Hall debut (2024)<br \/>\nInternational career since then<\/p>\n<p>Sotiris Charalampous<br \/>\nBA and MA graduate<br \/>\nseveral productions at the Brandenburg Theatre<br \/>\nDeutsche Oper, Staatsoper Unter den Linden<\/p>\n<p>Michaella Cipriani<br \/>\nMA graduate<br \/>\nTheater an der Wien<br \/>\nPermanent engagement at the Volksoper Vienna (Chorus)<\/p>\n<p>Hanseong Yun<br \/>\nMA graduate and currently studying for his concert exam<br \/>\nParticipation in competitions and numerous awards, including finalist at the Tenor Vinas Competition (2024), special prize at the \u2018Riccardo Zandonai\u2019 (2023) 3rd prize at the Joongang Music Competition (2022), Veronica Dunne International Singing Competition 2025 3rd prize<br \/>\nfrom September 2025 Member of the opera studio at the Staatsoper Unter den Linden Berlin<\/p>\n<p>Junho Hwang<br \/>\nin the Master&#8217;s programme<br \/>\n2023 1st prize Alessandro Ariosi Special Prize, Holleander Calix Special Prize and Aydin Ustuk Special Prize in the International Singing Competition Competoisone dell&#8217;Opera<br \/>\nMirjam Helin International Singing Competition 2024\/ 3rd prize<br \/>\nsince 2024 Member of the opera studio of the Staatsoper Unter den Linden Berlin<strong><br \/>\n<\/strong><\/p>\n<p><strong>Theresa Pilsl<\/strong><br \/>\nMa Graduate<br \/>\nPietro Antonio Cesti Competition (Audience Award and Special Prize of the Wiener Konzerthaus)<br \/>\nBundeswettbewerb Gesang Berlin 2018 (Special Prize of the Walter Kaminsky Foundation) and Emmerich-Smola-F\u00f6rderpreis at the SWR Junge Opernstars 2020<br \/>\nScholarship holder of the Lied Academy of the Heidelberger Fr\u00fchling<\/p>\n<p><strong>\u00c1lfhei\u00f0ur Erla Gu\u00f0mundsd\u00f3ttir<\/strong><br \/>\nBA graduate<br \/>\n2019\/Debut Berlin State Opera<br \/>\nPermanent engagement at Basel Theatre<\/p>\n<p><strong>Junho Hwang<\/strong><br \/>\nMontreal International Musical Competition, 2. Platz<\/p>\n","protected":false},"excerpt":{"rendered":"<p>My professional maxim is in the spirit of Walter Felsenstein. According to this, \u2018&#8230;the performer should not only sing because he is endowed with a beautiful voice, but above all because he is urged to sing in a dramatic situation&#8230;\u2019 University I took up a professorship for singing at the Hanns Eisler School of Music &hellip; <\/p>\n<p class=\"link-more\"><a href=\"https:\/\/anna-korondi.de\/en\/teaching-classes\/\" class=\"more-link\">Continue reading<span class=\"screen-reader-text\"> &#8220;Teaching&#8221;<\/span><\/a><\/p>\n","protected":false},"author":1,"featured_media":0,"parent":0,"menu_order":0,"comment_status":"closed","ping_status":"closed","template":"","meta":{"_acf_changed":false,"footnotes":""},"class_list":["post-6","page","type-page","status-publish","hentry","entry"],"acf":[],"_links":{"self":[{"href":"https:\/\/anna-korondi.de\/en\/wp-json\/wp\/v2\/pages\/6","targetHints":{"allow":["GET"]}}],"collection":[{"href":"https:\/\/anna-korondi.de\/en\/wp-json\/wp\/v2\/pages"}],"about":[{"href":"https:\/\/anna-korondi.de\/en\/wp-json\/wp\/v2\/types\/page"}],"author":[{"embeddable":true,"href":"https:\/\/anna-korondi.de\/en\/wp-json\/wp\/v2\/users\/1"}],"replies":[{"embeddable":true,"href":"https:\/\/anna-korondi.de\/en\/wp-json\/wp\/v2\/comments?post=6"}],"version-history":[{"count":0,"href":"https:\/\/anna-korondi.de\/en\/wp-json\/wp\/v2\/pages\/6\/revisions"}],"wp:attachment":[{"href":"https:\/\/anna-korondi.de\/en\/wp-json\/wp\/v2\/media?parent=6"}],"curies":[{"name":"wp","href":"https:\/\/api.w.org\/{rel}","templated":true}]}}

<p>My professional maxim is in the spirit of Walter Felsenstein. According to this, <em>‘&#8230;the performer should not only sing because he is endowed with a beautiful voice, but above all because he is urged to sing in a dramatic situation&#8230;’</em></p>
<h2>University</h2>
<p>I took up a professorship for singing at the Hanns Eisler School of Music in Berlin in the winter semester of 2013. You can apply for lessons with me there.<br />
The application deadlines and modalities for the aptitude tests at the university can be found on the <a href="https://www.hfm-berlin.de/en/studies/study-programmes/voice/" target="_blank" rel="noopener">university&#8217;s website</a>.</p>
<p><strong>Current courses and events can be found on the homepage.</strong></p>
<h2>Study successes</h2>
<p><strong>EXTRACTS</strong></p>
<p><strong>Juliana Zara<br />
</strong>MA graduate<br />
From 2019 to 2021 member of the Opera Studio of the Bavarian State Opera<br />
Permanent engagement in Darmstadt<br />
Nomination for the Faust Theatre Prize (title role A. Berg/Lulu)<br />
Carnegie Hall debut (2024)<br />
International career since then</p>
<p>Sotiris Charalampous<br />
BA and MA graduate<br />
several productions at the Brandenburg Theatre<br />
Deutsche Oper, Staatsoper Unter den Linden</p>
<p>Michaella Cipriani<br />
MA graduate<br />
Theater an der Wien<br />
Permanent engagement at the Volksoper Vienna (Chorus)</p>
<p>Hanseong Yun<br />
MA graduate and currently studying for his concert exam<br />
Participation in competitions and numerous awards, including finalist at the Tenor Vinas Competition (2024), special prize at the ‘Riccardo Zandonai’ (2023) 3rd prize at the Joongang Music Competition (2022), Veronica Dunne International Singing Competition 2025 3rd prize<br />
from September 2025 Member of the opera studio at the Staatsoper Unter den Linden Berlin</p>
<p>Junho Hwang<br />
in the Master&#8217;s programme<br />
2023 1st prize Alessandro Ariosi Special Prize, Holleander Calix Special Prize and Aydin Ustuk Special Prize in the International Singing Competition Competoisone dell&#8217;Opera<br />
Mirjam Helin International Singing Competition 2024/ 3rd prize<br />
since 2024 Member of the opera studio of the Staatsoper Unter den Linden Berlin<strong><br />
</strong></p>
<p><strong>Theresa Pilsl</strong><br />
Ma Graduate<br />
Pietro Antonio Cesti Competition (Audience Award and Special Prize of the Wiener Konzerthaus)<br />
Bundeswettbewerb Gesang Berlin 2018 (Special Prize of the Walter Kaminsky Foundation) and Emmerich-Smola-Förderpreis at the SWR Junge Opernstars 2020<br />
Scholarship holder of the Lied Academy of the Heidelberger Frühling</p>
<p><strong>Álfheiður Erla Guðmundsdóttir</strong><br />
BA graduate<br />
2019/Debut Berlin State Opera<br />
Permanent engagement at Basel Theatre</p>
<p><strong>Junho Hwang</strong><br />
Montreal International Musical Competition, 2. Platz</p>
