{"id":4,"date":"2025-06-18T14:51:28","date_gmt":"2025-06-18T12:51:28","guid":{"rendered":"https:\/\/anna-korondi.de\/en\/?page_id=4"},"modified":"2025-07-09T16:32:31","modified_gmt":"2025-07-09T14:32:31","slug":"cv","status":"publish","type":"page","link":"https:\/\/anna-korondi.de\/en\/cv\/","title":{"rendered":"CV"},"content":{"rendered":"<h2>Anna Korondi<\/h2>\n<p>Born in 1969 in Budapest, Hungary<\/p>\n<p>Studied singing from 1987 at the Bela Bart\u00f3k Conservatory in Budapest, then from 1989 at the Conservatory in Vienna in the subjects of solo singing with Prof. Margarete Bence and song and oratorio with Prof. David Lutz, graduating with honours in 1993<\/p>\n<p>During his studies, he was a member of the ORF Choir Vienna from 1989 to 1993, performing as a soloist and focussing on contemporary music. He was subsequently a member of the ensemble at the Komische Oper Berlin until 1997 and at the Bonn Opera until 1999.<\/p>\n<p>Guest engagements at renowned festivals such as the Salzburg Festival (\u2018Die Fledermaus\u2019), the Schwetzingen Festival (\u2018Figlio del selve\u2019), the Bayreuth Festival (\u2018Parsifal\u2019 directed by Christoph Schlingensief), the Budapest Wagner Festival (Ring), the Herrenchiemsee Festival (\u2018Falstaff\u2019) and the Vienna Schubert Weeks (\u2018Alfonso and Estrella\u2019) as well as at numerous theatres such as the Bavarian State Opera (premiere of \u2018Bernada Alba&#8217;s House\u2019 under Zubin Mehta, \u2018Arabella\u2019), the St\u00e4dtische B\u00fchnen M\u00fcnster (\u2018Der Rosenkavalier\u2019), the Turku Concert Hall (\u2018Don Giovanni\u2019), the Komische Oper Berlin (most important Mozart roles) and the Teatro di San Carlo in Naples (\u2018Parsifal\u2019)<\/p>\n<p>Regular guest with major European orchestras such as the Chapelle Royal, Leipzig Gewandhaus Orchestra, WDR and HR Radio Orchestras, Concentus Musicus Vienna, Swedish Radio Symphony Orchestra, Royal Flemish Philharmonic and others.<\/p>\n<p>Extensive concert and song activity in Europe, Asia and South America<\/p>\n<p>Collaboration with directors such as Christoph Schlingensief, Harry Kupfer, Christine Mielitz, Hans Neuenfels, Manfred Beilharz and Andreas Homoki as well as with conductors Zubin Mehta, Pierre Boulez, Phillipe Herreweghe, Helmut Rilling, Nicolaus Harnoncourt, Adam Fischer, Peter Schneider, Herbert Blomstedt and others.<\/p>\n<p>Numerous radio, television and CD productions with the labels Farao Classics (\u2018Vineta &#8211; Ein Liederabend\u2019 by J. Brahms, \u2018Requiem\u2019 by W.A. Mozart, \u201cMatth\u00e4uspassion\u201d by J.S. Bach), Hungaroton (first recording \u2018Il Gelsomino\u2019 by G.F. H\u00e4ndel with solo cantatas, &#8220;Z. Kod\u00e1ly &#8211; Complete Edition for Voices and Piano\u2018), Capriccio (\u201cAthalia\u201d by F. Mendelssohn Bartholdy, \u2019Die letzten Dinge\u2018 by L. Spohr), BIS Records AB (\u2019Forest of the Amazon&#8221;) and others.<\/p>\n<p>Honoured with 3rd prize at the Erkel-Kod\u00e1ly Singing Competition Budapest 1990, the International Prize at the Mary Garden Singing Competition Aberdeen 1991, 2nd prize at the Grand Prix Franz Schubert Vienna 1991 and winner of the ARD International Music Competition 1996<\/p>\n<p>Lecturer at masterclasses in Stavanger 2004, Sao Paulo 2007 and at the University of Music FRANZ LISZT Weimar 2012<\/p>\n<p>Lecturer at the Berlin University of the Arts since 2007 and at the University of Music FRANZ LISZT Weimar since 2010<\/p>\n<p>Professor of singing at the Hanns Eisler School of Music Berlin since winter semester 2013<br \/>\nIn addition to her singing class, she also leads the &#8220;Contemporary Singing&#8221; course at the school<\/p>\n","protected":false},"excerpt":{"rendered":"<p>Anna Korondi Born in 1969 in Budapest, Hungary Studied singing from 1987 at the Bela Bart\u00f3k Conservatory in Budapest, then from 1989 at the Conservatory in Vienna in the subjects of solo singing with Prof. Margarete Bence and song and oratorio with Prof. David Lutz, graduating with honours in 1993 During his studies, he was &hellip; <\/p>\n<p class=\"link-more\"><a href=\"https:\/\/anna-korondi.de\/en\/cv\/\" class=\"more-link\">Continue reading<span class=\"screen-reader-text\"> &#8220;CV&#8221;<\/span><\/a><\/p>\n","protected":false},"author":1,"featured_media":0,"parent":0,"menu_order":0,"comment_status":"closed","ping_status":"closed","template":"","meta":{"_acf_changed":false,"footnotes":""},"class_list":["post-4","page","type-page","status-publish","hentry","entry"],"acf":[],"_links":{"self":[{"href":"https:\/\/anna-korondi.de\/en\/wp-json\/wp\/v2\/pages\/4","targetHints":{"allow":["GET"]}}],"collection":[{"href":"https:\/\/anna-korondi.de\/en\/wp-json\/wp\/v2\/pages"}],"about":[{"href":"https:\/\/anna-korondi.de\/en\/wp-json\/wp\/v2\/types\/page"}],"author":[{"embeddable":true,"href":"https:\/\/anna-korondi.de\/en\/wp-json\/wp\/v2\/users\/1"}],"replies":[{"embeddable":true,"href":"https:\/\/anna-korondi.de\/en\/wp-json\/wp\/v2\/comments?post=4"}],"version-history":[{"count":0,"href":"https:\/\/anna-korondi.de\/en\/wp-json\/wp\/v2\/pages\/4\/revisions"}],"wp:attachment":[{"href":"https:\/\/anna-korondi.de\/en\/wp-json\/wp\/v2\/media?parent=4"}],"curies":[{"name":"wp","href":"https:\/\/api.w.org\/{rel}","templated":true}]}}

<h2>Anna Korondi</h2>
<p>Born in 1969 in Budapest, Hungary</p>
<p>Studied singing from 1987 at the Bela Bartók Conservatory in Budapest, then from 1989 at the Conservatory in Vienna in the subjects of solo singing with Prof. Margarete Bence and song and oratorio with Prof. David Lutz, graduating with honours in 1993</p>
<p>During his studies, he was a member of the ORF Choir Vienna from 1989 to 1993, performing as a soloist and focussing on contemporary music. He was subsequently a member of the ensemble at the Komische Oper Berlin until 1997 and at the Bonn Opera until 1999.</p>
<p>Guest engagements at renowned festivals such as the Salzburg Festival (‘Die Fledermaus’), the Schwetzingen Festival (‘Figlio del selve’), the Bayreuth Festival (‘Parsifal’ directed by Christoph Schlingensief), the Budapest Wagner Festival (Ring), the Herrenchiemsee Festival (‘Falstaff’) and the Vienna Schubert Weeks (‘Alfonso and Estrella’) as well as at numerous theatres such as the Bavarian State Opera (premiere of ‘Bernada Alba&#8217;s House’ under Zubin Mehta, ‘Arabella’), the Städtische Bühnen Münster (‘Der Rosenkavalier’), the Turku Concert Hall (‘Don Giovanni’), the Komische Oper Berlin (most important Mozart roles) and the Teatro di San Carlo in Naples (‘Parsifal’)</p>
<p>Regular guest with major European orchestras such as the Chapelle Royal, Leipzig Gewandhaus Orchestra, WDR and HR Radio Orchestras, Concentus Musicus Vienna, Swedish Radio Symphony Orchestra, Royal Flemish Philharmonic and others.</p>
<p>Extensive concert and song activity in Europe, Asia and South America</p>
<p>Collaboration with directors such as Christoph Schlingensief, Harry Kupfer, Christine Mielitz, Hans Neuenfels, Manfred Beilharz and Andreas Homoki as well as with conductors Zubin Mehta, Pierre Boulez, Phillipe Herreweghe, Helmut Rilling, Nicolaus Harnoncourt, Adam Fischer, Peter Schneider, Herbert Blomstedt and others.</p>
<p>Numerous radio, television and CD productions with the labels Farao Classics (‘Vineta &#8211; Ein Liederabend’ by J. Brahms, ‘Requiem’ by W.A. Mozart, “Matthäuspassion” by J.S. Bach), Hungaroton (first recording ‘Il Gelsomino’ by G.F. Händel with solo cantatas, &#8220;Z. Kodály &#8211; Complete Edition for Voices and Piano‘), Capriccio (“Athalia” by F. Mendelssohn Bartholdy, ’Die letzten Dinge‘ by L. Spohr), BIS Records AB (’Forest of the Amazon&#8221;) and others.</p>
<p>Honoured with 3rd prize at the Erkel-Kodály Singing Competition Budapest 1990, the International Prize at the Mary Garden Singing Competition Aberdeen 1991, 2nd prize at the Grand Prix Franz Schubert Vienna 1991 and winner of the ARD International Music Competition 1996</p>
<p>Lecturer at masterclasses in Stavanger 2004, Sao Paulo 2007 and at the University of Music FRANZ LISZT Weimar 2012</p>
<p>Lecturer at the Berlin University of the Arts since 2007 and at the University of Music FRANZ LISZT Weimar since 2010</p>
<p>Professor of singing at the Hanns Eisler School of Music Berlin since winter semester 2013<br />
In addition to her singing class, she also leads the &#8220;Contemporary Singing&#8221; course at the school</p>

<p>Anna Korondi Born in 1969 in Budapest, Hungary Studied singing from 1987 at the Bela Bartók Conservatory in Budapest, then from 1989 at the Conservatory in Vienna in the subjects of solo singing with Prof. Margarete Bence and song and oratorio with Prof. David Lutz, graduating with honours in 1993 During his studies, he was &hellip; </p>
<p class="link-more"><a href="https://anna-korondi.de/en/cv/" class="more-link">Continue reading<span class="screen-reader-text"> &#8220;CV&#8221;</span></a></p>
